of 150?
False
Is 20 a factor of 900?
True
Does 134 divide 736?
False
Does 14 divide 2274?
False
Does 7 divide 11599?
True
Is 35857 a multiple of 47?
False
Is 10 a factor of 1640?
True
Does 78 divide 3042?
True
Is 12 a factor of 1560?
True
Does 2 divide 1942?
True
Is 36 a factor of 4392?
True
Is 16 a factor of 706?
False
Does 12 divide 14776?
False
Is 21 a factor of 3570?
True
Does 3 divide 8679?
True
Does 18 divide 54?
True
Is 29330 a multiple of 74?
False
Is 13 a factor of 3094?
True
Is 9 a factor of 171?
True
Is 19 a factor of 15979?
True
Is 94 a factor of 1331?
False
Is 6 a factor of 714?
True
Does 4 divide 1676?
True
Is 1265 a multiple of 49?
False
Is 53420 a multiple of 16?
False
Is 91 a multiple of 7?
True
Does 91 divide 9288?
False
Does 9 divide 10850?
False
Does 56 divide 13384?
True
Does 12 divide 555?
False
Is 3664 even?
True
Is 69598 a multiple of 34?
True
Is 56 a factor of 2968?
True
Is 1488 a multiple of 5?
False
Is 4025 a multiple of 28?
False
Is 15 a factor of 1140?
True
Is 8 a factor of 351?
False
Is 36540 a multiple of 171?
False
Is 714 a multiple of 14?
True
Is 36 a factor of 496?
False
Is 13 a factor of 1391?
True
Is 46345 a multiple of 23?
True
Is 105 a factor of 135660?
True
Is 12 a factor of 648?
True
Is 644 a multiple of 2?
True
Is 34 a factor of 1462?
True
Is 5 a factor of 930?
True
Is 21 a factor of 12768?
True
Does 8 divide 672?
True
Is 259 a factor of 6402?
False
Is 24 a factor of 5478?
False
Is 11 a factor of 1562?
True
Is 10371 a multiple of 128?
False
Is 34 a factor of 6224?
False
Does 32 divide 923?
False
Is 6269 a multiple of 14?
False
Is 30885 a multiple of 15?
True
Does 2 divide 829?
False
Does 41 divide 15539?
True
Is 13 a factor of 1968?
False
Is 59680 a multiple of 40?
True
Does 10 divide 2990?
True
Is 5 a factor of 935?
True
Does 5 divide 715?
True
Is 23 a factor of 161?
True
Does 34 divide 106272?
False
Is 17 a factor of 35463?
False
Is 56731 a multiple of 133?
False
Does 116 divide 10092?
True
Is 780 even?
True
Does 11 divide 693?
True
Is 1408 a multiple of 64?
True
Does 78 divide 23790?
True
Is 10 a factor of 546?
False
Is 704 a multiple of 64?
True
Is 3 a factor of 43?
False
Is 7902 a multiple of 96?
False
Is 522 a multiple of 18?
True
Does 5 divide 61?
False
Is 1314 a multiple of 51?
False
Does 178 divide 10848?
False
Does 9 divide 275?
False
Is 6312 a multiple of 55?
False
Is 63 a multiple of 15?
False
Is 20394 a multiple of 11?
True
Is 21 a factor of 4069?
False
Is 17 a factor of 41242?
True
Is 9 a factor of 99?
True
Is 24 a factor of 4968?
True
Is 17 a factor of 20740?
True
Is 71 a factor of 23927?
True
Does 22 divide 2267?
False
Is 7 a factor of 98?
True
Does 11 divide 1486?
False
Is 12126 a multiple of 325?
False
Is 5724 a multiple of 53?
True
Is 20130 a multiple of 110?
True
Is 48 a factor of 2256?
True
Is 2555 a multiple of 35?
True
Does 59 divide 15163?
True
Is 87 a factor of 137808?
True
Is 960 a multiple of 24?
True
Is 71 a factor of 5467?
True
Does 10 divide 1147?
False
Is 2184 a multiple of 42?
True
Does 52 divide 822?
False
Does 17 divide 3211?
False
Does 15 divide 26380?
False
Is 122295 a multiple of 155?
True
Is 497 a multiple of 22?
False
Is 9 a factor of 126?
True
Is 7745 a multiple of 5?
True
Is 21 a factor of 147?
True
Is 50 a factor of 6304?
False
Does 21 divide 1470?
True
Does 8 divide 2536?
True
Is 7287 a multiple of 21?
True
Is 5254 a multiple of 9?
False
Is 18 a factor of 774?
True
Is 43 a factor of 19995?
True
Does 67 divide 670?
True
Is 88 a multiple of 2?
True
Does 11 divide 21428?
True
Does 14 divide 1168?
False
Is 2281 a multiple of 46?
False
Does 19 divide 638?
False
Is 1015 a multiple of 29?
True
Does 80 divide 350?
False
Does 9 divide 459?
True
Is 14193 a multiple of 58?
False
Is 89 a factor of 17731?
False
Is 298 a factor of 43068?
False
Is 13 a factor of 112?
False
Is 63 a factor of 1157?
False
Is 2 a factor of 102?
True
Is 9258 a multiple of 291?
False
Does 137 divide 1101?
False
Is 338 a multiple of 26?
True
Is 547 a multiple of 13?
False
Is 6 a factor of 348?
True
Is 117012 a multiple of 294?
True
Is 690 a multiple of 6?
True
Does 49 divide 7723?
False
Is 129 a factor of 21724?
False
Is 19 a factor of 21420?
False
Is 19120 a multiple of 48?
False
Is 5 a factor of 2608?
False
Does 28 divide 7775?
False
Does 6 divide 1566?
True
Is 35 a factor of 1295?
True
Is 196 a multiple of 63?
False
Is 4570 a multiple of 17?
False
Is 39234 a multiple of 108?
False
Does 8 divide 1272?
True
Is 1081 a multiple of 5?
False
Is 3 a multiple of 2?
False
Is 25 a factor of 1113?
False
Is 9 a factor of 643?
False
Is 422 a multiple of 3?
False
Does 68 divide 82834?
False
Does 15 divide 4245?
True
Is 14 a factor of 14?
True
Does 15 divide 690?
True
Does 23 divide 1454?
False
Is 72 a factor of 1008?
True
Is 34623 a multiple of 176?
False
Is 152 a factor of 64109?
False
Does 39 divide 3210?
False
Is 45 a factor of 581?
False
Does 7 divide 618?
False
Does 33 divide 528?
True
Is 89 a factor of 2701?
False
Does 129 divide 4945?
False
Is 120042 a multiple of 19?
True
Is 70 a multiple of 10?
True
Is 16 a factor of 316?
False
Is 63 a factor of 55125?
True
Is 889 a multiple of 14?
False
Does 14 divide 588?
True
Is 985 a multiple of 2?
False
Is 14328 a multiple of 220?
False
Is 993 a multiple of 11?
False
Does 18 divide 540?
True
Is 22992 a multiple of 146?
False
Is 4002 a multiple of 46?
True
Is 4070 a multiple of 14?
False
Does 71 divide 1569?
False
Does 5 divide 103?
False
Does 45 divide 527?
False
Is 26194 a multiple of 14?
True
Is 5 a factor of 441?
False
Does 52 divide 728?
True
Is 35 a factor of 602?
False
Does 354 divide 20532?
True
Is 900 a multiple of 12?
True
Is 89 a multiple of 26?
False
Is 38 a factor of 3888?
False
Is 4781 a multiple of 120?
False
Is 37 a factor of 18278?
True
Does 23 divide 10293?
False
Is 1026 a multiple of 18?
True
Does 48 divide 18317?
False
Is 9 a factor of 198?
True
Is 16 a factor of 14800?
True
Does 10 divide 16723?
False
Is 360 a multiple of 4?
True
Is 170 a multiple of 5?
True
Is 972 a multiple of 9?
True
Is 815 a multiple of 14?
False
Is 12 a factor of 2961?
False
Is 30 a factor of 240?
True
Does 7 divide 3944?
False
Is 57784 a multiple of 45?
False
Is 6 a factor of 102?
True
Is 12 a factor of 4714?
False
Does 17 divide 136?
True
Does 4 divide 15852?
True
Is 3312 a multiple of 46?
True
Is 363 a multiple of 2?
False
Is 11 a factor of 2750?
True
Does 60 divide 315?
False
Is 5005 a multiple of 5?
True
Is 3312 a multiple of 9?
True
Does 56 divide 4480?
True
Is 18 a factor of 8676?
True
Is 44 a factor of 3212?
True
Does 49 divide 5929?
True
Does 4 divide 3952?
True
Does 97 divide 47530?
True
Is 195 a factor of 26325?
True
Is 3 a factor of 6092?
False
Is 8 a factor of 880?
True
Is 8 a factor of 47761?
False
Is 310 a multiple of 51?
False
Is 14437 a multiple of 41?
False
Is 19 a factor of 2629?
False
Is 62 a factor of 22623?
False
Is 4 a factor of 492?
True
Does 13 divide 2345?
False
Is 35 a factor of 107190?
False
Is 5 a factor of 1613?
False
Is 79 a factor of 1252?
False
Does 77 divide 10196?
False
Is 47025 a multiple of 165?
True
Is 6696 a multiple of 12?
True
Does 75 divide 750?
True
Is 15 a factor of 74765?
False
Is 39 a factor of 130337?
False
Is 110 a factor of 3410?
True
Does 3 divide 24?
True
Does 47 divide 4841?
True
Is 4 a factor of 6702?
False
Is 84146 a multiple of 43?
False
Is 6 a factor of 7964?
False
Is 3029 a multiple of 114?
False
Is 2111 a multiple of 21?
False
Does 48 divide 44707?
False
Does 10 divide 3046?
False
Does 56 divide 4701?
False
Is 4405 a multiple of 46?
False
Is 552 a multiple of 37?
False
Is 32 a factor of 2103?
False
Is 51 a multiple of 24?
False
Does 9 divide 1656?
True
Does 10 divide 2685?
False
Is 319 a multiple of 71?
False
Is 38924 a multiple of 23?
False
Does 15 divide 2175?
True
Does 65 divide 652?
False
Is 29559 a multiple of 87?
False
Is 80 a factor of 6154?
False
Does 79 divide 11237?
False
Does 48 divide 23981?
False
Does 9 divide 14284?
False
Does 10 divide 9953?
False
Does 30 divide 2010?
True
Is 5 a factor of 233?
False
Does 50 divide 1864?
False
Is 12 a factor of 1968?
True
Does 27 divide 3020?
False
Is 2200 a multiple of 80?
False
Is 25 a factor of 1025?
True
Is 4 a factor of 33?
False
Does 31 divide 2790?
True
D